s divided by 30?
21
Let m(f) = f**3 - 11*f**2 + 3. Let s be m(11). Suppose 2*a = -s*a + 10. Calculate the remainder when (-4)/a*(-12 - 5) is divided by 19.
15
Let b be ((-2480)/45)/(-4) - (-6)/27. Calculate the remainder when ((-134)/4)/((-7)/b) is divided by 18.
13
Suppose -3*f - 5*z = -24, -2*f - 4*z = -3*f - 9. Suppose 39 + 807 - 98 = 17*s. Calculate the remainder when s is divided by f.
2
Let p(o) = o**2 + 7*o + 8. Let m be p(-6). Suppose 43 - 23 = m*j. What is the remainder when 28 is divided by j?
8
Calculate the remainder when 5/(4 - 76/24) is divided by 0 + 0 + -4 + 8.
2
Let n(x) = x**3 + 12*x**2 - 14*x - 1. Let b be n(-13). Let w(k) = k**3 - 12*k**2 + 8*k - 3. Calculate the remainder when w(b) is divided by 24.
21
Suppose 0 = -5*s + 76 + 44. Let r = -14 + s. Suppose 5*l + 40 = r*l. Calculate the remainder when 14 is divided by l.
6
Let i be 1 - 16 - (1 + -2). Let v = 37 + i. What is the remainder when v is divided by 2 - -4*(36/(-16) + 3)?
3
Suppose 5*k - 11 = -251. Let m be (0 - 3)/(16/k). Suppose -m*w = -4*w - 105. Calculate the remainder when 60 is divided by w.
18
Suppose k + k - 18 = 4*w, 48 = 4*k - 5*w. Let r = k - -14. What is the remainder when r is divided by 11?
9
Suppose 2*w - 16 = 46. Let u = 69 - 60. Calculate the remainder when w is divided by u.
4
Let g = 238 + -215. What is the remainder when 53 is divided by g?
7
Let o(t) be the second derivative of -2*t**3/3 - 17*t**2/2 - 6*t. Let x be o(-9). Let f = -4 + x. Calculate the remainder when f is divided by 8.
7
Let u(a) = -54*a**3 + 4*a**2 + 2*a - 4. Calculate the remainder when u(-2) is divided by 49.
48
Suppose -1 = -4*p + 3. Let i(a) = -3*a**2 - 6*a**2 - 45*a + 44*a - a**3 + p. What is the remainder when 28 is divided by i(-9)?
8
Suppose 3*v + 6 = 21. Suppose 4*k + v*a = 28, -46 = -4*k + 4*a - 18. Suppose -25 = -k*z + 2*z. What is the remainder when z is divided by 3?
2
Suppose 2*r - 100 = -2*v, -4*v + 164 = 49*r - 54*r. What is the remainder when v is divided by 11?
2
Suppose 2*a - 1067 = 5*k + 1367, 4*k + 3*a + 1961 = 0. What is the remainder when 156 is divided by 2/(-3)*1 - k/12?
36
Let h be (-5)/20*-4 - 1*-16. Suppose 10 = -15*v + h*v. Let z(k) = 3*k. Calculate the remainder when z(3) is divided by v.
4
Let w(u) = -9*u + 2*u - u**3 + 10*u**2 + 10 - 17. Calculate the remainder when w(9) is divided by (-4)/6*36/(-8).
2
Let u = -2 + 26. Suppose -2*p + 4*y = -18, p = 4*p - 3*y - 24. Let s = 20 - p. Calculate the remainder when u is divided by s.
11
Let d(c) = c**3 - 8*c**2 - 19*c + 9. Calculate the remainder when d(10) is divided by 6.
1
Suppose t = -345 + 347. What is the remainder when 30 is divided by t?
0
Let f be 2 + -6 - (-7)/(42/180). Suppose 2*c - c - 4 = 0. Suppose 0 = -3*r - n + f, -c*r + 6*n - 2*n = -40. Calculate the remainder when 17 is divided by r.
8
Suppose -2 = -g - 0. Suppose g*o - 56 = -16. Suppose -4*l + 6*v - 2*v = -o, 0 = -2*l - v + 13. What is the remainder when 21 is divided by l?
3
Suppose -2*s - 6*s + 136 = 0. Calculate the remainder when 168 is divided by s.
15
Suppose 0 = 8*z - 0*z - 160. Let q = -187 + 265. Calculate the remainder when q is divided by z.
18
Let h = 5959 - 5907. Suppose 5*m = 2*m + 42. What is the remainder when h is divided by m?
10
Suppose 2*w - 3*j = -0*w + 589, -2*w = -4*j - 592. What is the remainder when w/22 - 13/((-715)/(-10)) is divided by 5?
3
Suppose -60*i = 4840 - 29860. What is the remainder when i is divided by 137?
6
Let l(c) = -c**3 - 7*c**2 - 10*c - 12. Calculate the remainder when ((-57)/15)/((-4)/20) is divided by l(-6).
7
Suppose o = 3*c - 8*c - 4, 0 = -4*o - 2*c + 20. Suppose -2*n + 26 = 2*u, 0*u + 3*u - 59 = n. Let h = u - 2. What is the remainder when h is divided by o?
4
Let c = -10 + 19. Let j(b) be the second derivative of -b**4/6 + b**3 + b**2/2 + 42*b. What is the remainder when c is divided by j(2)?
4
Suppose -12*p = -28 - 20. Suppose 0 = -8*v + 3*v + 55. What is the remainder when v is divided by p?
3
Let y = 30 + -26. Let i(d) = 2*d + 1. Let a be i(2). Suppose -y*m = -a*m + 7. Calculate the remainder when 19 is divided by m.
5
Let t(o) = 4*o + 3. Let k be t(7). Let q = k - 15. Calculate the remainder when 62 is divided by q.
14
Suppose 0 = -5*c + 5*d + 355, 15*d + 253 = 3*c + 20*d. What is the remainder when 313 is divided by c?
9
Let a(o) = o**3 + 7*o**2 + 7*o - 2. Let x be a(-5). Calculate the remainder when (x - -98)*8/6 is divided by 38.
34
Let l(d) = 2*d**2 - 26*d - 2. Suppose 0 = 5*q - o - 97, -6*o = -q - o + 5. Calculate the remainder when l(q) is divided by 56.
54
Suppose 5*m + 33*m - 3154 = 0. What is the remainder when 497 is divided by m?
82
Let t be (-6)/(-9) + 28/12. Suppose s = t*n - 8, 5*s + 2*n + 3*n = 40. Calculate the remainder when 11 is divided by s.
3
Let r(t) = t**2 - t + 5. Let d be r(0). Suppose d*j - 5*v = 600, 0*j = -3*j - 4*v + 381. Calculate the remainder when j is divided by 25.
23
Let l(b) = b**3 + 6*b**2 - 76*b - 8. What is the remainder when 57 is divided by l(-12)?
17
What is the remainder when 152 - -180 - 20/2 is divided by 57?
37
Let q(h) = -h**2 + 6*h - 9. Let s be q(3). Suppose -d - 4 + 12 = s. Calculate the remainder when 30 is divided by d.
6
Suppose -g + 2*c = 2*g + 47, -g = 3*c + 34. Calculate the remainder when (-420)/g + 12/(-114) is divided by 9.
4
Suppose 7*m = 4*m + 123. Suppose 0 = -5*r + 4*r + d - 1, 5*d - m = -4*r. Suppose -28*a + 129 = -186 + 119. What is the remainder when a is divided by r?
3
Suppose -4*r + 2*r + 391 = 7*b, -549 = -3*r - 3*b. Calculate the remainder when r is divided by 75.
28
Suppose -45 = -s - 2*j, 2*j - 27 + 19 = 0. Calculate the remainder when s is divided by 21.
16
Suppose -2*t - 2*t + 160 = 0. Suppose 4*l + v = 3*v + 28, 4*l - 5*v = t. What is the remainder when 17 is divided by l?
2
Let i = -154 - -183. What is the remainder when i is divided by 10?
9
Let x(f) = -2*f**2 - 55*f + 43. Calculate the remainder when 74 is divided by x(-28).
14
Let j = 41 + -32. Calculate the remainder when j is divided by 24/18*(-2 + 5).
1
Let j = 1338 - 1263. What is the remainder when 2099 is divided by j?
74
Suppose -103 = -5*r + 82. Suppose -5*z = -r - 48. Let i(n) = n**2 + 5*n. Calculate the remainder when i(6) is divided by z.
15
Let q = 107 - 89. Let p = 49 - -2. Suppose -h = 1, d + 3*h = -20 + p. What is the remainder when d is divided by q?
16
Suppose -8*a = -3*a + 5*c - 390, 4*a = 2*c + 282. Calculate the remainder when 143 is divided by a.
70
Suppose -7 - 1 = -4*u. Suppose -b - 2*c + 24 = 0, -3*b + u*c - 6*c = -66. Calculate the remainder when b is divided by 10.
8
Suppose -3*u - 5*l + 0*l = 26, -5*u - l - 14 = 0. Calculate the remainder when 53 - 1/(2/(-2)) is divided by (-3*u/3)/((-2)/(-19)).
16
Suppose 0 = 49*x - 47*x - 48. Let q(u) = u**3 + 8*u**2 + 5*u - 5. What is the remainder when x is divided by q(-7)?
6
Let s(z) = z**2 + 68*z - 349. What is the remainder when ((-3)/(-2))/((-3)/(-222)) is divided by s(5)?
15
Let o = -2228 + 5882. Calculate the remainder when (-8)/(-10) + o/70 is divided by 16.
5
Suppose 5*m - 151 = 2*r, 4*r + 3 = 4*m - 113. What is the remainder when 56 is divided by m?
25
Suppose 3*t = 8*t - 190. Calculate the remainder when t is divided by 7.
3
Let f = -327 + 365. Calculate the remainder when f is divided by 27.
11
Let x(u) = 18*u**3 + u**2 - u. Let l = 23 - 22. Let o be x(l). Let c = 69 - o. Calculate the remainder when c is divided by 18.
15
Let f(b) = 2*b**2 - 2*b - 13. Let y(u) = 5*u**2 + u. Let v be y(-1). Calculate the remainder when 21 is divided by f(v).
10
Suppose -17*q + 18*q = 12. Let k be (0 - 7)*(-18)/21. What is the remainder when 16 is divided by -4*(-3)/q*k?
4
What is the remainder when (-14355)/(-58) - 2/(-4) is divided by 86?
76
Let m be (-12)/8 + 935/10. Suppose 2*y = -3*v - 22 + m, -2*y + 4*v = -98. Let j = y + -27. Calculate the remainder when 55 is divided by j.
13
Suppose -b - b + c = -58, -2*b - 5*c = -46. Let z(m) = 3*m**2 - 19*m - 1. Let u be ((-15)/9)/(1/(-6)). What is the remainder when z(u) is divided by b?
25
Let g = -32 + 24. Let c = g - -10. What is the remainder when 92*(-3)/(-6) - c is divided by 12?
8
Let u = 649 - 559. What is the remainder when u is divided by 18?
0
Suppose 20 = -3*g + 32. Suppose -b - 238 = -g*o + 2*o, 2*o - 4*b - 226 = 0. Calculate the rema